{"id":2730,"date":"2017-02-03T18:24:25","date_gmt":"2017-02-03T16:24:25","guid":{"rendered":"http:\/\/whm14.louhi.net\/~kivennap\/?page_id=2730"},"modified":"2017-02-04T08:40:13","modified_gmt":"2017-02-04T06:40:13","slug":"kirkkomaan-pakkolunastus","status":"publish","type":"page","link":"https:\/\/kivennapaseura.fi\/?page_id=2730","title":{"rendered":"Kirkkomaan pakkolunastus"},"content":{"rendered":"<p>Kivennavan pit\u00e4j\u00e4n kirkko- ja hautausmaata laajennettiin pakkolunastuksella Senaatin 1877 antamalla p\u00e4\u00e4t\u00f6ksell\u00e4. Laajennus hyv\u00e4ksyttiin maanmittari R. A. Savenin 1873 toimittaman pakkolunastuehdotuksen mukaisesti marraskuussa vuonna 1878. Ohessa on kuva asiakirjasta, joka sis\u00e4lt\u00e4\u00e4 karttapiiroksen alueesta, lunastettavien maa-alueiden luettelon sek\u00e4 niiden kulmapisteet. Pakkolunastus vahvistettiin kokouksessa, jonka p\u00f6yt\u00e4kirjan k\u00e4\u00e4nn\u00f6s on ohessa. Alkuper\u00e4isen ruotsiksi kirjoitetun tekstin on k\u00e4\u00e4nt\u00e4nyt sukututkija Heikki K L\u00e4hde.<\/p>\n<figure id=\"attachment_2734\" aria-describedby=\"caption-attachment-2734\" style=\"width: 1920px\" class=\"wp-caption aligncenter\"><img loading=\"lazy\" class=\"size-full wp-image-2734\" src=\"http:\/\/whm14.louhi.net\/~kivennap\/wp-content\/uploads\/2017\/02\/Pakkolunastus_web.jpg\" alt=\"\" width=\"1920\" height=\"2551\" srcset=\"https:\/\/kivennapaseura.fi\/wp-content\/uploads\/2017\/02\/Pakkolunastus_web.jpg 1920w, https:\/\/kivennapaseura.fi\/wp-content\/uploads\/2017\/02\/Pakkolunastus_web-226x300.jpg 226w, https:\/\/kivennapaseura.fi\/wp-content\/uploads\/2017\/02\/Pakkolunastus_web-768x1020.jpg 768w, https:\/\/kivennapaseura.fi\/wp-content\/uploads\/2017\/02\/Pakkolunastus_web-510x678.jpg 510w, https:\/\/kivennapaseura.fi\/wp-content\/uploads\/2017\/02\/Pakkolunastus_web-68x90.jpg 68w\" sizes=\"(max-width: 1920px) 100vw, 1920px\" \/><figcaption id=\"caption-attachment-2734\" class=\"wp-caption-text\">Kivennavan kirkkomaan pakkolunastusasiakirja vuodelta 1878.\u00a0Laajennus hyv\u00e4ksyttiin maanmittari R. A. Savenin 1873 toimittaman pakkolunastuehdotuksen mukaisesti.<\/figcaption><\/figure>\n<p><em>P\u00f6yt\u00e4kirja, tehnyt allekirjoittanut komissiomaanmittari toimittamassaan kirkko- ja hautausmaan paalutuksessa ja pyykityksess\u00e4 Kivennavan pit\u00e4j\u00e4ss\u00e4 \u00c4yr\u00e4p\u00e4\u00e4n kihlakunnassa ja Viipurin l\u00e4\u00e4ni\u00e4 allamainittuina p\u00e4ivin\u00e4 vuonna 1878.<\/em><\/p>\n<p align=\"center\"><em>4. marraskuuta.<\/em><\/p>\n<p align=\"justify\"><em>Sitten kun Suomen Keisarillinen Senaatti oli 21. syyskuuta 1877 antamallaan p\u00e4\u00e4t\u00f6ksell\u00e4 m\u00e4\u00e4r\u00e4nnyt, ett\u00e4 Kivennavan pit\u00e4j\u00e4n kirkko- ja hautausmaata tulee laajentaa tavalla, jota komissiomaanmittari R. A. Savenin toimittamassa pakkolunastustutkimustoimituksessa 13. marraskuuta 1873 on ehdottanut, ottamalla Kivennavan pit\u00e4j\u00e4n lahjoitusmaahan kuuluvilta taloilta n:ot 1 ja 3 Kivennavan kyl\u00e4ss\u00e4 maatalollisilta Johan Porvalin leskelt\u00e4 Anna Sepp\u00e4nen, Johan Reinikaisen leskelt\u00e4 Maria K\u00e4\u00e4p\u00e4 ja Hiob Westeriselt\u00e4, osasta pelto- ja niittynurmea, on sanotun pit\u00e4j\u00e4n herra kirkkoherra virkakirjeell\u00e4 5. viimeksi kulunutta huhtikuuta herra l\u00e4\u00e4nin kuvern\u00f6\u00f6rilt\u00e4 anonut m\u00e4\u00e4r\u00e4yst\u00e4 maanmittarille paaluttamaan ja pyykitt\u00e4m\u00e4\u00e4n sen edell\u00e4 mainitulla tavalla pakolunastetun maan, ja on herra l\u00e4\u00e4nin kuvern\u00f6\u00f6ri 8. samaa kuukautta toimittanut asiakirjat herra maanmittaustarkastajalle toimenpiteit\u00e4 varten, joka on 6. seurannutta toukokuuta m\u00e4\u00e4r\u00e4nnyt allekirjoittaneen siin\u00e4 tapauksessa, ett\u00e4 laillista estett\u00e4 ei esiinny, suorittamaan toimituksen ja siin\u00e4 huomioon ottamaan, mit\u00e4 laki ja s\u00e4\u00e4d\u00f6kset s\u00e4\u00e4t\u00e4v\u00e4t.<\/em><\/p>\n<p align=\"justify\"><em>Mainitun m\u00e4\u00e4r\u00e4yksen johdosta on allekirjoittanut s\u00e4\u00e4detyss\u00e4 j\u00e4rjestyksess\u00e4 m\u00e4\u00e4r\u00e4nnyt, ja samalla anonut kruunun- ja konsistorin asiamiehen m\u00e4\u00e4r\u00e4\u00e4mist\u00e4 toimitukseen, aloittamisen edell\u00e4 mainittuna p\u00e4iv\u00e4n\u00e4 ja saapunut m\u00e4\u00e4r\u00e4tylle kokouspaikalle Kivennavan kestikievariin, mink\u00e4 lis\u00e4ksi paikalle tulivat uskotuiksi miehiksi herastuomarit Filip Pyykk\u00f6 Lattulasta ja Wilhelm Sepp\u00e4nen Himalan kyl\u00e4st\u00e4 Muolaan pit\u00e4j\u00e4st\u00e4, sek\u00e4 asianosaisina kirkkoherra herra J. Herz, kirkonis\u00e4nt\u00e4 maakauppias Thomas Paavolainen, kunnanhallituksen puheenjohtaja lukkari A. Jantunen ja luovuttajista Hiob Westerinen.<\/em><\/p>\n<p align=\"justify\"><em>Konsistorin asiamieheksi ilmoittautui pit\u00e4j\u00e4n kappalainen herra varapastori A. Boman asiaankuuluvalla valtakirjalla 12. juurikulunutta lokakuuta, mutta kruununasiamies ei ollut saapunut.<\/em><\/p>\n<p align=\"justify\"><em>Selostettuaan m\u00e4\u00e4r\u00e4yksen ja siihen liittyv\u00e4t liitteet toimituksesta ilmoittamisesta ilmoittivat asianosaiset kysytt\u00e4ess\u00e4 sek\u00e4 toimitusmiesten esteett\u00f6myyden ja ajankohtaan kuuluvan kuulutuksen, eik\u00e4 my\u00f6sk\u00e4\u00e4n ilmoitettu muita esteit\u00e4 toimituksen suorittamiselle, vaan ilmoitettiin, ett\u00e4 tarpeellinen aputoimi jo on tullut pit\u00e4j\u00e4n toimesta ja tahtoivat kaikki, ett\u00e4 t\u00e4m\u00e4 pit\u00e4j\u00e4lle t\u00e4hdellinen toimitus voitaisiin keskeytyksett\u00e4 toteuttaa, mit\u00e4 varten toimitusmiehet, jotka totesivat kruununasiamiehen poisj\u00e4\u00e4misen laillisen s\u00e4\u00e4d\u00f6ksen mukaan ei olevan esteen\u00e4 toimituksen k\u00e4sittelylle, mink\u00e4 j\u00e4lkeen toimitus tapahtui kuin seuraa:<\/em><\/p>\n<p align=\"justify\"><em>1 .Kun aikaisemmin k\u00e4ytt\u00f6\u00f6notettu ja t\u00e4h\u00e4n asti k\u00e4ytetty kirkon ja hautausmaan alue oli ymp\u00e4r\u00f6ity kiviaidalla, ryhdyttiin sen maan rajojen paalutukseen, joka oli p\u00e4\u00e4tetty ottaa saman alueen laajentamiseen ja suoritettiin t\u00e4m\u00e4 toimenpide mit\u00e4 tarkimmin komissiomaanmittari R. A. Savenin vuonna 1873 suorittamaa t\u00e4t\u00e4 tilaisuutta varten l\u00e4\u00e4nin maanmittauskonttorista lainattua asemakarttaa.<\/em><\/p>\n<p align=\"justify\"><em>2. Asianosaiset anoivat selvityst\u00e4 siit\u00e4, mill\u00e4 tavoin ovat Johan Porvalin leski Anna Sepp\u00e4nen, Johan Reinikaisen leski Maria K\u00e4\u00e4p\u00e4 ja Hiob Westerinen hoitaneet itselleen kirkon ja hautausmaan laajentamiseksi luovuttamiensa peltoalueiden uudisviljelyst\u00e4 ja n\u00e4in tehneet itsens\u00e4 oikeutetuiksi j\u00e4lkimm\u00e4isen puoliskon suorittamiseen arviosummasta, mik\u00e4 Keisarillisen Senaatin p\u00e4\u00e4t\u00f6ksen mukaan tulisi vastata semmoista selvitetty\u00e4 summaa, ett\u00e4 uskottujen miesten tulisi hallita n\u00e4it\u00e4 uudisviljelyksi\u00e4, mik\u00e4 my\u00f6s tapahtui ja saatiin samalla tiet\u00e4\u00e4, ett\u00e4 kaikki mainitut henkil\u00f6t olivat raivanneet uudisviljelyst\u00e4 luovutettua vastaavasti.<\/em><\/p>\n<p align=\"justify\"><em>3. Ryhdyttiin rajamerkkien asettamiseen koko kirkon ja hautausmaan alueeseen, koska sellaista ei ollut tapahtunut t\u00e4h\u00e4n asti k\u00e4yt\u00f6ss\u00e4 olleen alueen suhteen ja toimitettiin t\u00e4m\u00e4 kuluneen ja sit\u00e4 seuraavan p\u00e4iv\u00e4n aikaan siten, kuin allaoleva pyykitysselitelm\u00e4 kartan mukaan tarkemmin osoittaa.<\/em><\/p>\n<p align=\"center\"><em>5 marraskuuta<\/em><\/p>\n<p align=\"justify\"><em>Kun toimituksen toimenpiteet olivat tulleet kaikin puolin loppuun suoritetuiksi, kokoontuivat toimitusmiehet ja l\u00e4sn\u00e4olevat asianosaiset, jolloin annettiin toimituksesta t\u00e4ydellinen valitusosoitus sek\u00e4 seuraava n\u00e4in kuuluva:<\/em><\/p>\n<p align=\"center\"><em><b>Toimintaosoitus <\/b><\/em><\/p>\n<p align=\"justify\"><em>Sitten kun allekirjoittanut komissiomaanmittari allamainittuina p\u00e4ivin\u00e4 oli suorittanut valmiiksi paalutuksen ja pyykityksen rajoilla Kivennavan pit\u00e4j\u00e4n kirkon ja hautausmaan toisaalta ja toisaalta Kivennavan lahjoitusmaan v\u00e4lill\u00e4 Kivennavan pit\u00e4j\u00e4ss\u00e4 \u00c4yr\u00e4p\u00e4\u00e4n kihlakuntaa ja Viipurin l\u00e4\u00e4ni\u00e4, selvitettiin l\u00e4sn\u00e4oleville asianosaisille, ett\u00e4 h\u00e4n, joka ei ole tyytyv\u00e4inen sanottuun toimitukseen on oikeutettu tekem\u00e4\u00e4n valituksen kirjallisesti l\u00e4\u00e4nin Herra Kuvern\u00f6\u00f6rille, mik\u00e4 t\u00e4m\u00e4n valitusosoituksen ohella on kuuden (6) viikon sis\u00e4ll\u00e4 t\u00e4st\u00e4 lukien puhevallan menetyksen uhalla toimitettava Viipurin maakonttoriin; mink\u00e4 todistaa toimituspaikalla Kivennavan pit\u00e4j\u00e4ntuvalla viidenten\u00e4 (5) marraskuuta 1878<\/em><\/p>\n<p align=\"center\"><em>Viran puolesta<\/em><\/p>\n<p align=\"center\"><em>K. E. Hymen<\/em><\/p>\n<p align=\"justify\"><em>Mik\u00e4 osoitus sen sis\u00e4ll\u00f6st\u00e4 tapahtuneen selonteon j\u00e4lkeen annettiin osoituksella, ett\u00e4 kaikilla, joita toimitus koskee, on oikeus k\u00e4ytt\u00e4\u00e4 hy\u00f6dykseen l\u00e4mmitett\u00e4v\u00e4\u00e4 pit\u00e4j\u00e4ntupaa.<\/em><\/p>\n<p align=\"justify\"><em>Ett\u00e4 n\u00e4in on tehty ja toimittu muutoinkin, kuten esill\u00e4oleva p\u00f6yt\u00e4kirja osoittaa, todistavat Paikka ja aika edell\u00e4mainitut:<\/em><\/p>\n<p align=\"center\"><em>Tuomas Paavolainen Albert Boman<\/em><\/p>\n<p align=\"center\"><em>Kirkkov\u00e4\u00e4rti ja kunnanesimies Konsistoriasiamies<\/em><\/p>\n<p align=\"center\"><em>Todistavat: Herastuomari Wilippi Pyykk\u00f6 Wilhelm Sepp\u00e4nen lautamies<\/em><\/p>\n<p>&nbsp;<\/p>\n<p>&nbsp;<\/p>\n","protected":false},"excerpt":{"rendered":"<p>Kivennavan pit\u00e4j\u00e4n kirkko- ja hautausmaata laajennettiin pakkolunastuksella Senaatin 1877 antamalla p\u00e4\u00e4t\u00f6ksell\u00e4. Laajennus hyv\u00e4ksyttiin maanmittari R. A. Savenin 1873 toimittaman pakkolunastuehdotuksen mukaisesti marraskuussa vuonna 1878. Ohessa on kuva asiakirjasta, joka sis\u00e4lt\u00e4\u00e4 karttapiiroksen alueesta, lunastettavien maa-alueiden luettelon sek\u00e4 niiden kulmapisteet. Pakkolunastus vahvistettiin kokouksessa, jonka p\u00f6yt\u00e4kirjan k\u00e4\u00e4nn\u00f6s on ohessa. Alkuper\u00e4isen ruotsiksi kirjoitetun tekstin on k\u00e4\u00e4nt\u00e4nyt sukututkija Heikki K &hellip;<\/p>\n<p class=\"read-more\"> <a class=\"\" href=\"https:\/\/kivennapaseura.fi\/?page_id=2730\"> <span class=\"screen-reader-text\">Kirkkomaan pakkolunastus<\/span> Lue lis\u00e4\u00e4 &raquo;<\/a><\/p>\n","protected":false},"author":4,"featured_media":2731,"parent":2564,"menu_order":6,"comment_status":"closed","ping_status":"closed","template":"","meta":{"site-sidebar-layout":"default","site-content-layout":"default","ast-global-header-display":"","ast-main-header-display":"","ast-hfb-above-header-display":"","ast-hfb-below-header-display":"","ast-hfb-mobile-header-display":"","site-post-title":"","ast-breadcrumbs-content":"","ast-featured-img":"","footer-sml-layout":"","theme-transparent-header-meta":"","adv-header-id-meta":"","stick-header-meta":"","header-above-stick-meta":"","header-main-stick-meta":"","header-below-stick-meta":""},"yoast_head":"<!-- This site is optimized with the Yoast SEO plugin v18.8 - https:\/\/yoast.com\/wordpress\/plugins\/seo\/ -->\n<title>Kirkkomaan pakkolunastus - Kivennapaseura<\/title>\n<meta name=\"robots\" content=\"index, follow, max-snippet:-1, max-image-preview:large, max-video-preview:-1\" \/>\n<link rel=\"canonical\" href=\"https:\/\/kivennapaseura.fi\/?page_id=2730\" \/>\n<meta property=\"og:locale\" content=\"fi_FI\" \/>\n<meta property=\"og:type\" content=\"article\" \/>\n<meta property=\"og:title\" content=\"Kirkkomaan pakkolunastus - Kivennapaseura\" \/>\n<meta property=\"og:description\" content=\"Kivennavan pit\u00e4j\u00e4n kirkko- ja hautausmaata laajennettiin pakkolunastuksella Senaatin 1877 antamalla p\u00e4\u00e4t\u00f6ksell\u00e4. Laajennus hyv\u00e4ksyttiin maanmittari R. A. Savenin 1873 toimittaman pakkolunastuehdotuksen mukaisesti marraskuussa vuonna 1878. Ohessa on kuva asiakirjasta, joka sis\u00e4lt\u00e4\u00e4 karttapiiroksen alueesta, lunastettavien maa-alueiden luettelon sek\u00e4 niiden kulmapisteet. Pakkolunastus vahvistettiin kokouksessa, jonka p\u00f6yt\u00e4kirjan k\u00e4\u00e4nn\u00f6s on ohessa. Alkuper\u00e4isen ruotsiksi kirjoitetun tekstin on k\u00e4\u00e4nt\u00e4nyt sukututkija Heikki K &hellip; Kirkkomaan pakkolunastus Lue lis\u00e4\u00e4 &raquo;\" \/>\n<meta property=\"og:url\" content=\"https:\/\/kivennapaseura.fi\/?page_id=2730\" \/>\n<meta property=\"og:site_name\" content=\"Kivennapaseura\" \/>\n<meta property=\"article:modified_time\" content=\"2017-02-04T06:40:13+00:00\" \/>\n<meta property=\"og:image\" content=\"https:\/\/kivennapaseura.fi\/wp-content\/uploads\/2017\/02\/Pakkolunastus_teksti_web-e1486138728772.jpg\" \/>\n\t<meta property=\"og:image:width\" content=\"1916\" \/>\n\t<meta property=\"og:image:height\" content=\"225\" \/>\n\t<meta property=\"og:image:type\" content=\"image\/jpeg\" \/>\n<meta name=\"twitter:card\" content=\"summary_large_image\" \/>\n<meta name=\"twitter:label1\" content=\"Arvioitu lukuaika\" \/>\n\t<meta name=\"twitter:data1\" content=\"4 minuuttia\" \/>\n<script type=\"application\/ld+json\" class=\"yoast-schema-graph\">{\"@context\":\"https:\/\/schema.org\",\"@graph\":[{\"@type\":\"WebSite\",\"@id\":\"https:\/\/kivennapaseura.fi\/#website\",\"url\":\"https:\/\/kivennapaseura.fi\/\",\"name\":\"Kivennapaseura\",\"description\":\"Kivennapaseuran kotisivut\",\"potentialAction\":[{\"@type\":\"SearchAction\",\"target\":{\"@type\":\"EntryPoint\",\"urlTemplate\":\"https:\/\/kivennapaseura.fi\/?s={search_term_string}\"},\"query-input\":\"required name=search_term_string\"}],\"inLanguage\":\"fi\"},{\"@type\":\"ImageObject\",\"inLanguage\":\"fi\",\"@id\":\"https:\/\/kivennapaseura.fi\/?page_id=2730#primaryimage\",\"url\":\"https:\/\/kivennapaseura.fi\/wp-content\/uploads\/2017\/02\/Pakkolunastus_teksti_web-e1486138728772.jpg\",\"contentUrl\":\"https:\/\/kivennapaseura.fi\/wp-content\/uploads\/2017\/02\/Pakkolunastus_teksti_web-e1486138728772.jpg\",\"width\":1916,\"height\":225},{\"@type\":\"WebPage\",\"@id\":\"https:\/\/kivennapaseura.fi\/?page_id=2730#webpage\",\"url\":\"https:\/\/kivennapaseura.fi\/?page_id=2730\",\"name\":\"Kirkkomaan pakkolunastus - Kivennapaseura\",\"isPartOf\":{\"@id\":\"https:\/\/kivennapaseura.fi\/#website\"},\"primaryImageOfPage\":{\"@id\":\"https:\/\/kivennapaseura.fi\/?page_id=2730#primaryimage\"},\"datePublished\":\"2017-02-03T16:24:25+00:00\",\"dateModified\":\"2017-02-04T06:40:13+00:00\",\"breadcrumb\":{\"@id\":\"https:\/\/kivennapaseura.fi\/?page_id=2730#breadcrumb\"},\"inLanguage\":\"fi\",\"potentialAction\":[{\"@type\":\"ReadAction\",\"target\":[\"https:\/\/kivennapaseura.fi\/?page_id=2730\"]}]},{\"@type\":\"BreadcrumbList\",\"@id\":\"https:\/\/kivennapaseura.fi\/?page_id=2730#breadcrumb\",\"itemListElement\":[{\"@type\":\"ListItem\",\"position\":1,\"name\":\"Etusivu\",\"item\":\"https:\/\/kivennapaseura.fi\/\"},{\"@type\":\"ListItem\",\"position\":2,\"name\":\"Kohtalona raja\",\"item\":\"https:\/\/kivennapaseura.fi\/?page_id=153\"},{\"@type\":\"ListItem\",\"position\":3,\"name\":\"Historian tilkkut\u00e4kki\",\"item\":\"https:\/\/kivennapaseura.fi\/?page_id=2564\"},{\"@type\":\"ListItem\",\"position\":4,\"name\":\"Kirkkomaan pakkolunastus\"}]}]}<\/script>\n<!-- \/ Yoast SEO plugin. -->","yoast_head_json":{"title":"Kirkkomaan pakkolunastus - Kivennapaseura","robots":{"index":"index","follow":"follow","max-snippet":"max-snippet:-1","max-image-preview":"max-image-preview:large","max-video-preview":"max-video-preview:-1"},"canonical":"https:\/\/kivennapaseura.fi\/?page_id=2730","og_locale":"fi_FI","og_type":"article","og_title":"Kirkkomaan pakkolunastus - Kivennapaseura","og_description":"Kivennavan pit\u00e4j\u00e4n kirkko- ja hautausmaata laajennettiin pakkolunastuksella Senaatin 1877 antamalla p\u00e4\u00e4t\u00f6ksell\u00e4. Laajennus hyv\u00e4ksyttiin maanmittari R. A. Savenin 1873 toimittaman pakkolunastuehdotuksen mukaisesti marraskuussa vuonna 1878. Ohessa on kuva asiakirjasta, joka sis\u00e4lt\u00e4\u00e4 karttapiiroksen alueesta, lunastettavien maa-alueiden luettelon sek\u00e4 niiden kulmapisteet. Pakkolunastus vahvistettiin kokouksessa, jonka p\u00f6yt\u00e4kirjan k\u00e4\u00e4nn\u00f6s on ohessa. Alkuper\u00e4isen ruotsiksi kirjoitetun tekstin on k\u00e4\u00e4nt\u00e4nyt sukututkija Heikki K &hellip; Kirkkomaan pakkolunastus Lue lis\u00e4\u00e4 &raquo;","og_url":"https:\/\/kivennapaseura.fi\/?page_id=2730","og_site_name":"Kivennapaseura","article_modified_time":"2017-02-04T06:40:13+00:00","og_image":[{"width":1916,"height":225,"url":"https:\/\/kivennapaseura.fi\/wp-content\/uploads\/2017\/02\/Pakkolunastus_teksti_web-e1486138728772.jpg","type":"image\/jpeg"}],"twitter_card":"summary_large_image","twitter_misc":{"Arvioitu lukuaika":"4 minuuttia"},"schema":{"@context":"https:\/\/schema.org","@graph":[{"@type":"WebSite","@id":"https:\/\/kivennapaseura.fi\/#website","url":"https:\/\/kivennapaseura.fi\/","name":"Kivennapaseura","description":"Kivennapaseuran kotisivut","potentialAction":[{"@type":"SearchAction","target":{"@type":"EntryPoint","urlTemplate":"https:\/\/kivennapaseura.fi\/?s={search_term_string}"},"query-input":"required name=search_term_string"}],"inLanguage":"fi"},{"@type":"ImageObject","inLanguage":"fi","@id":"https:\/\/kivennapaseura.fi\/?page_id=2730#primaryimage","url":"https:\/\/kivennapaseura.fi\/wp-content\/uploads\/2017\/02\/Pakkolunastus_teksti_web-e1486138728772.jpg","contentUrl":"https:\/\/kivennapaseura.fi\/wp-content\/uploads\/2017\/02\/Pakkolunastus_teksti_web-e1486138728772.jpg","width":1916,"height":225},{"@type":"WebPage","@id":"https:\/\/kivennapaseura.fi\/?page_id=2730#webpage","url":"https:\/\/kivennapaseura.fi\/?page_id=2730","name":"Kirkkomaan pakkolunastus - Kivennapaseura","isPartOf":{"@id":"https:\/\/kivennapaseura.fi\/#website"},"primaryImageOfPage":{"@id":"https:\/\/kivennapaseura.fi\/?page_id=2730#primaryimage"},"datePublished":"2017-02-03T16:24:25+00:00","dateModified":"2017-02-04T06:40:13+00:00","breadcrumb":{"@id":"https:\/\/kivennapaseura.fi\/?page_id=2730#breadcrumb"},"inLanguage":"fi","potentialAction":[{"@type":"ReadAction","target":["https:\/\/kivennapaseura.fi\/?page_id=2730"]}]},{"@type":"BreadcrumbList","@id":"https:\/\/kivennapaseura.fi\/?page_id=2730#breadcrumb","itemListElement":[{"@type":"ListItem","position":1,"name":"Etusivu","item":"https:\/\/kivennapaseura.fi\/"},{"@type":"ListItem","position":2,"name":"Kohtalona raja","item":"https:\/\/kivennapaseura.fi\/?page_id=153"},{"@type":"ListItem","position":3,"name":"Historian tilkkut\u00e4kki","item":"https:\/\/kivennapaseura.fi\/?page_id=2564"},{"@type":"ListItem","position":4,"name":"Kirkkomaan pakkolunastus"}]}]}},"_links":{"self":[{"href":"https:\/\/kivennapaseura.fi\/index.php?rest_route=\/wp\/v2\/pages\/2730"}],"collection":[{"href":"https:\/\/kivennapaseura.fi\/index.php?rest_route=\/wp\/v2\/pages"}],"about":[{"href":"https:\/\/kivennapaseura.fi\/index.php?rest_route=\/wp\/v2\/types\/page"}],"author":[{"embeddable":true,"href":"https:\/\/kivennapaseura.fi\/index.php?rest_route=\/wp\/v2\/users\/4"}],"replies":[{"embeddable":true,"href":"https:\/\/kivennapaseura.fi\/index.php?rest_route=%2Fwp%2Fv2%2Fcomments&post=2730"}],"version-history":[{"count":0,"href":"https:\/\/kivennapaseura.fi\/index.php?rest_route=\/wp\/v2\/pages\/2730\/revisions"}],"up":[{"embeddable":true,"href":"https:\/\/kivennapaseura.fi\/index.php?rest_route=\/wp\/v2\/pages\/2564"}],"wp:featuredmedia":[{"embeddable":true,"href":"https:\/\/kivennapaseura.fi\/index.php?rest_route=\/wp\/v2\/media\/2731"}],"wp:attachment":[{"href":"https:\/\/kivennapaseura.fi\/index.php?rest_route=%2Fwp%2Fv2%2Fmedia&parent=2730"}],"curies":[{"name":"wp","href":"https:\/\/api.w.org\/{rel}","templated":true}]}}