{"id":374,"date":"2014-03-06T17:31:17","date_gmt":"2014-03-06T15:31:17","guid":{"rendered":"http:\/\/whm14.louhi.net\/~kivennap\/?page_id=374"},"modified":"2023-03-11T13:45:12","modified_gmt":"2023-03-11T11:45:12","slug":"linkkeja","status":"publish","type":"page","link":"https:\/\/kivennapaseura.fi\/?page_id=374","title":{"rendered":"Kivennapaan liittyvi\u00e4 sivustoja"},"content":{"rendered":"<p><strong>L\u00f6yd\u00e4t t\u00e4lt\u00e4 sivulta linkkej\u00e4 Kivennapaan liittyviin vekkosivustoihin sek\u00e4 Kivennapaan liittyvien toimijoiden ja yhteis\u00f6jen verkkosivuille.<\/strong><\/p>\n<p>\u2013 <a href=\"https:\/\/www.karjalanliitto.fi\/karjalan-liitto\/jasenyhteisot\/pitajaseurat\/entiset-kivennapalaiset-ry.html\" rel=\"noopener noreferrer\">Entiset Kivennapalaiset ry<\/a><br \/>\n\u2013 <a title=\"Kalevi Hyyti\u00e4n Kivennavan kyl\u00e4kartat\" href=\"http:\/\/www.kivennapa.fi\/kartat\/index.html\" rel=\"noopener noreferrer\">Kalevi Hyyti\u00e4n Kivennavan kyl\u00e4kartat<\/a><br \/>\n<span style=\"font-size: revert; background-color: var(--ast-global-color-5);\">\u2013 <a title=\"\u00c4ij\u00e4l\u00e4, Kangasalan Karjalainen Kulttuurikeskus\" href=\"http:\/\/www.karjalanliitto.fi\/kangasalankarjalaseura\" rel=\"noopener noreferrer\">Kangasalan Karjalaseura ry: \u00c4ij\u00e4l\u00e4, Kangasalan Karjalainen Kulttuurikeskus<\/a><\/span><br \/>\n\u2013 <a title=\"Karjalan Liitto\" href=\"http:\/\/www.karjalanliitto.fi\/\" rel=\"noopener noreferrer\">Karjalan Liitto<\/a><br \/>\n\u2013\u00a0<a href=\"https:\/\/karjalansankarihautausmaat.fi\/\" rel=\"noopener noreferrer\">Karjalan sankarihautausmaat -sivusto<\/a><br \/>\n<span style=\"font-size: revert; background-color: var(--ast-global-color-5);\">\u2013 <a title=\"Kivennapas\u00e4\u00e4ti\u00f6\" href=\"http:\/\/www.kivennapasaatio.net\/\" rel=\"noopener noreferrer\">Kivennapa-S\u00e4\u00e4ti\u00f6<\/a><br \/>\n\u2013 <a href=\"http:\/\/www.kivennapa.fi\/wiki\/index.php\/Etusivu\" rel=\"noopener noreferrer\">Kivennapa-Wiki<\/a><br \/>\n\u2013\u00a0<a href=\"http:\/\/www.ahjarvelaiset.fi\/\" rel=\"noopener noreferrer\">Kivennavan Ahj\u00e4rvel\u00e4iset ry<\/a><br \/>\n\u2013 <a href=\"https:\/\/www.luovutettukarjala.fi\/wp\/\">Luovutettu Karjala -sivusto<\/a><br \/>\n\u2013\u00a0<a href=\"https:\/\/www.karjalanliitto.fi\/karjalan-liitto\/jasenyhteisot\/pitajaseurat\/raivola-seura-ry.html\" rel=\"noopener noreferrer\">Raivola-Seura ry<\/a><br \/>\n\u2013 <a href=\"http:\/\/www.kansallispuvut.fi\/puvut\/kivennapa_np.htm\" rel=\"noopener noreferrer\">Suomen kansallispuvut: Kivennavan naisen \u00e4yr\u00e4m\u00f6ispuku<\/a><br \/>\n\u2013\u00a0<\/span><a style=\"font-size: revert;\" href=\"http:\/\/tattiportti.nettisivu.org\/\" rel=\"noopener noreferrer\">Tattiportti-yst\u00e4v\u00e4t<\/a><br \/>\n<span style=\"font-size: revert; background-color: var(--ast-global-color-5);\"><br \/>\n<\/span><\/p>\n<p><span style=\"font-size: revert; background-color: var(--ast-global-color-5);\">\u00a0<\/span><\/p>\n","protected":false},"excerpt":{"rendered":"<p>L\u00f6yd\u00e4t t\u00e4lt\u00e4 sivulta linkkej\u00e4 Kivennapaan liittyviin vekkosivustoihin sek\u00e4 Kivennapaan liittyvien toimijoiden ja yhteis\u00f6jen verkkosivuille. \u2013 Entiset Kivennapalaiset ry \u2013 Kalevi Hyyti\u00e4n Kivennavan kyl\u00e4kartat \u2013 Kangasalan Karjalaseura ry: \u00c4ij\u00e4l\u00e4, Kangasalan Karjalainen Kulttuurikeskus \u2013 Karjalan Liitto \u2013\u00a0Karjalan sankarihautausmaat -sivusto \u2013 Kivennapa-S\u00e4\u00e4ti\u00f6 \u2013 Kivennapa-Wiki \u2013\u00a0Kivennavan Ahj\u00e4rvel\u00e4iset ry \u2013 Luovutettu Karjala -sivusto \u2013\u00a0Raivola-Seura ry \u2013 Suomen kansallispuvut: Kivennavan naisen &hellip;<\/p>\n<p class=\"read-more\"> <a class=\"\" href=\"https:\/\/kivennapaseura.fi\/?page_id=374\"> <span class=\"screen-reader-text\">Kivennapaan liittyvi\u00e4 sivustoja<\/span> Lue lis\u00e4\u00e4 &raquo;<\/a><\/p>\n","protected":false},"author":4,"featured_media":0,"parent":0,"menu_order":8,"comment_status":"closed","ping_status":"closed","template":"","meta":{"site-sidebar-layout":"default","site-content-layout":"default","ast-global-header-display":"","ast-main-header-display":"","ast-hfb-above-header-display":"","ast-hfb-below-header-display":"","ast-hfb-mobile-header-display":"","site-post-title":"","ast-breadcrumbs-content":"","ast-featured-img":"","footer-sml-layout":"","theme-transparent-header-meta":"","adv-header-id-meta":"","stick-header-meta":"","header-above-stick-meta":"","header-main-stick-meta":"","header-below-stick-meta":""},"yoast_head":"<!-- This site is optimized with the Yoast SEO plugin v18.8 - https:\/\/yoast.com\/wordpress\/plugins\/seo\/ -->\n<title>Kivennapaan liittyvi\u00e4 sivustoja - Kivennapaseura<\/title>\n<meta name=\"description\" content=\"Kivennapaseuran sivuille on koottu linkkej\u00e4 KIvennapaan liittyviin l\u00e4hteisiin ja eri yhteis\u00f6jen ja toimijoiden verkkosivuille.\" \/>\n<meta name=\"robots\" content=\"index, follow, max-snippet:-1, max-image-preview:large, max-video-preview:-1\" \/>\n<link rel=\"canonical\" href=\"https:\/\/kivennapaseura.fi\/?page_id=374\" \/>\n<meta property=\"og:locale\" content=\"fi_FI\" \/>\n<meta property=\"og:type\" content=\"article\" \/>\n<meta property=\"og:title\" content=\"Kivennapaan liittyvi\u00e4 sivustoja - Kivennapaseura\" \/>\n<meta property=\"og:description\" content=\"Kivennapaseuran sivuille on koottu linkkej\u00e4 KIvennapaan liittyviin l\u00e4hteisiin ja eri yhteis\u00f6jen ja toimijoiden verkkosivuille.\" \/>\n<meta property=\"og:url\" content=\"https:\/\/kivennapaseura.fi\/?page_id=374\" \/>\n<meta property=\"og:site_name\" content=\"Kivennapaseura\" \/>\n<meta property=\"article:modified_time\" content=\"2023-03-11T11:45:12+00:00\" \/>\n<meta property=\"og:image\" content=\"http:\/\/kivennapaseura.fi\/wp-content\/uploads\/2017\/03\/M012.jpg\" \/>\n\t<meta property=\"og:image:width\" content=\"640\" \/>\n\t<meta property=\"og:image:height\" content=\"348\" \/>\n\t<meta property=\"og:image:type\" content=\"image\/jpeg\" \/>\n<meta name=\"twitter:card\" content=\"summary_large_image\" \/>\n<meta name=\"twitter:image\" content=\"https:\/\/kivennapaseura.fi\/wp-content\/uploads\/2017\/03\/M012.jpg\" \/>\n<meta name=\"twitter:label1\" content=\"Arvioitu lukuaika\" \/>\n\t<meta name=\"twitter:data1\" content=\"1 minuutti\" \/>\n<script type=\"application\/ld+json\" class=\"yoast-schema-graph\">{\"@context\":\"https:\/\/schema.org\",\"@graph\":[{\"@type\":\"WebSite\",\"@id\":\"https:\/\/kivennapaseura.fi\/#website\",\"url\":\"https:\/\/kivennapaseura.fi\/\",\"name\":\"Kivennapaseura\",\"description\":\"Kivennapaseuran kotisivut\",\"potentialAction\":[{\"@type\":\"SearchAction\",\"target\":{\"@type\":\"EntryPoint\",\"urlTemplate\":\"https:\/\/kivennapaseura.fi\/?s={search_term_string}\"},\"query-input\":\"required name=search_term_string\"}],\"inLanguage\":\"fi\"},{\"@type\":\"ImageObject\",\"inLanguage\":\"fi\",\"@id\":\"https:\/\/kivennapaseura.fi\/?page_id=374#primaryimage\",\"url\":\"https:\/\/kivennapaseura.fi\/wp-content\/uploads\/2017\/03\/M012.jpg\",\"contentUrl\":\"https:\/\/kivennapaseura.fi\/wp-content\/uploads\/2017\/03\/M012.jpg\",\"width\":640,\"height\":348,\"caption\":\"Vienolan puutarhaa (Kuva: Museovirasto - Musketti, Historian kuvakokoelma)\"},{\"@type\":\"WebPage\",\"@id\":\"https:\/\/kivennapaseura.fi\/?page_id=374#webpage\",\"url\":\"https:\/\/kivennapaseura.fi\/?page_id=374\",\"name\":\"Kivennapaan liittyvi\u00e4 sivustoja - Kivennapaseura\",\"isPartOf\":{\"@id\":\"https:\/\/kivennapaseura.fi\/#website\"},\"primaryImageOfPage\":{\"@id\":\"https:\/\/kivennapaseura.fi\/?page_id=374#primaryimage\"},\"datePublished\":\"2014-03-06T15:31:17+00:00\",\"dateModified\":\"2023-03-11T11:45:12+00:00\",\"description\":\"Kivennapaseuran sivuille on koottu linkkej\u00e4 KIvennapaan liittyviin l\u00e4hteisiin ja eri yhteis\u00f6jen ja toimijoiden verkkosivuille.\",\"breadcrumb\":{\"@id\":\"https:\/\/kivennapaseura.fi\/?page_id=374#breadcrumb\"},\"inLanguage\":\"fi\",\"potentialAction\":[{\"@type\":\"ReadAction\",\"target\":[\"https:\/\/kivennapaseura.fi\/?page_id=374\"]}]},{\"@type\":\"BreadcrumbList\",\"@id\":\"https:\/\/kivennapaseura.fi\/?page_id=374#breadcrumb\",\"itemListElement\":[{\"@type\":\"ListItem\",\"position\":1,\"name\":\"Etusivu\",\"item\":\"https:\/\/kivennapaseura.fi\/\"},{\"@type\":\"ListItem\",\"position\":2,\"name\":\"Kivennapaan liittyvi\u00e4 sivustoja\"}]}]}<\/script>\n<!-- \/ Yoast SEO plugin. -->","yoast_head_json":{"title":"Kivennapaan liittyvi\u00e4 sivustoja - Kivennapaseura","description":"Kivennapaseuran sivuille on koottu linkkej\u00e4 KIvennapaan liittyviin l\u00e4hteisiin ja eri yhteis\u00f6jen ja toimijoiden verkkosivuille.","robots":{"index":"index","follow":"follow","max-snippet":"max-snippet:-1","max-image-preview":"max-image-preview:large","max-video-preview":"max-video-preview:-1"},"canonical":"https:\/\/kivennapaseura.fi\/?page_id=374","og_locale":"fi_FI","og_type":"article","og_title":"Kivennapaan liittyvi\u00e4 sivustoja - Kivennapaseura","og_description":"Kivennapaseuran sivuille on koottu linkkej\u00e4 KIvennapaan liittyviin l\u00e4hteisiin ja eri yhteis\u00f6jen ja toimijoiden verkkosivuille.","og_url":"https:\/\/kivennapaseura.fi\/?page_id=374","og_site_name":"Kivennapaseura","article_modified_time":"2023-03-11T11:45:12+00:00","og_image":[{"width":640,"height":348,"url":"http:\/\/kivennapaseura.fi\/wp-content\/uploads\/2017\/03\/M012.jpg","type":"image\/jpeg"}],"twitter_card":"summary_large_image","twitter_image":"https:\/\/kivennapaseura.fi\/wp-content\/uploads\/2017\/03\/M012.jpg","twitter_misc":{"Arvioitu lukuaika":"1 minuutti"},"schema":{"@context":"https:\/\/schema.org","@graph":[{"@type":"WebSite","@id":"https:\/\/kivennapaseura.fi\/#website","url":"https:\/\/kivennapaseura.fi\/","name":"Kivennapaseura","description":"Kivennapaseuran kotisivut","potentialAction":[{"@type":"SearchAction","target":{"@type":"EntryPoint","urlTemplate":"https:\/\/kivennapaseura.fi\/?s={search_term_string}"},"query-input":"required name=search_term_string"}],"inLanguage":"fi"},{"@type":"ImageObject","inLanguage":"fi","@id":"https:\/\/kivennapaseura.fi\/?page_id=374#primaryimage","url":"https:\/\/kivennapaseura.fi\/wp-content\/uploads\/2017\/03\/M012.jpg","contentUrl":"https:\/\/kivennapaseura.fi\/wp-content\/uploads\/2017\/03\/M012.jpg","width":640,"height":348,"caption":"Vienolan puutarhaa (Kuva: Museovirasto - Musketti, Historian kuvakokoelma)"},{"@type":"WebPage","@id":"https:\/\/kivennapaseura.fi\/?page_id=374#webpage","url":"https:\/\/kivennapaseura.fi\/?page_id=374","name":"Kivennapaan liittyvi\u00e4 sivustoja - Kivennapaseura","isPartOf":{"@id":"https:\/\/kivennapaseura.fi\/#website"},"primaryImageOfPage":{"@id":"https:\/\/kivennapaseura.fi\/?page_id=374#primaryimage"},"datePublished":"2014-03-06T15:31:17+00:00","dateModified":"2023-03-11T11:45:12+00:00","description":"Kivennapaseuran sivuille on koottu linkkej\u00e4 KIvennapaan liittyviin l\u00e4hteisiin ja eri yhteis\u00f6jen ja toimijoiden verkkosivuille.","breadcrumb":{"@id":"https:\/\/kivennapaseura.fi\/?page_id=374#breadcrumb"},"inLanguage":"fi","potentialAction":[{"@type":"ReadAction","target":["https:\/\/kivennapaseura.fi\/?page_id=374"]}]},{"@type":"BreadcrumbList","@id":"https:\/\/kivennapaseura.fi\/?page_id=374#breadcrumb","itemListElement":[{"@type":"ListItem","position":1,"name":"Etusivu","item":"https:\/\/kivennapaseura.fi\/"},{"@type":"ListItem","position":2,"name":"Kivennapaan liittyvi\u00e4 sivustoja"}]}]}},"_links":{"self":[{"href":"https:\/\/kivennapaseura.fi\/index.php?rest_route=\/wp\/v2\/pages\/374"}],"collection":[{"href":"https:\/\/kivennapaseura.fi\/index.php?rest_route=\/wp\/v2\/pages"}],"about":[{"href":"https:\/\/kivennapaseura.fi\/index.php?rest_route=\/wp\/v2\/types\/page"}],"author":[{"embeddable":true,"href":"https:\/\/kivennapaseura.fi\/index.php?rest_route=\/wp\/v2\/users\/4"}],"replies":[{"embeddable":true,"href":"https:\/\/kivennapaseura.fi\/index.php?rest_route=%2Fwp%2Fv2%2Fcomments&post=374"}],"version-history":[{"count":10,"href":"https:\/\/kivennapaseura.fi\/index.php?rest_route=\/wp\/v2\/pages\/374\/revisions"}],"predecessor-version":[{"id":5626,"href":"https:\/\/kivennapaseura.fi\/index.php?rest_route=\/wp\/v2\/pages\/374\/revisions\/5626"}],"wp:attachment":[{"href":"https:\/\/kivennapaseura.fi\/index.php?rest_route=%2Fwp%2Fv2%2Fmedia&parent=374"}],"curies":[{"name":"wp","href":"https:\/\/api.w.org\/{rel}","templated":true}]}}