{"id":6019,"date":"2024-03-02T13:39:11","date_gmt":"2024-03-02T11:39:11","guid":{"rendered":"https:\/\/kivennapaseura.fi\/?page_id=6019"},"modified":"2024-03-17T11:06:54","modified_gmt":"2024-03-17T09:06:54","slug":"sydamen-arkeologia-dokumenttielokuva","status":"publish","type":"page","link":"https:\/\/kivennapaseura.fi\/?page_id=6019","title":{"rendered":"Syd\u00e4men arkeologia\u00a0-dokumenttielokuva"},"content":{"rendered":"\n<p><strong>Kivennapa-S\u00e4\u00e4ti\u00f6 ja Suomen Diakoniaopiston Lahden kampuksen Theatrum Olga tekiv\u00e4t yhteisty\u00f6t\u00e4 vuonna 2023. Yhteisty\u00f6n tavoitteena oli syventy\u00e4 juurien, kivennapalaisuuden ja historian tutkimiseen. Opistelijat osallistuivat karjalaisten kokoontumisiin ja tapahtumiin sek\u00e4 kohtasivat kivennapalaisia ja heid\u00e4n j\u00e4lkipolviaan. Opiskelijat hakivat tietoa my\u00f6s kirjoitetusta l\u00e4hteist\u00e4 ja valokuvista. T\u00e4lle sivulle on koottu tietoa yhteisty\u00f6n tuloksena syntyneest\u00e4 <span style=\"caret-color: rgb(0, 0, 0); color: rgb(0, 0, 0); white-space: normal;\">Syd\u00e4men arkeologia<\/span>&nbsp;-d<span style=\"white-space: normal; caret-color: rgb(0, 0, 0); color: rgb(0, 0, 0);\">okumenttielokuva<\/span>sta.<\/strong><\/p>\n\n\n\n<figure class=\"wp-block-image size-full\"><a href=\"https:\/\/kivennapaseura.fi\/wp-content\/uploads\/2024\/03\/Sydamen-argeologia_kohtaus.jpg\"><img loading=\"lazy\" width=\"480\" height=\"360\" src=\"https:\/\/kivennapaseura.fi\/wp-content\/uploads\/2024\/03\/Sydamen-argeologia_kohtaus.jpg\" alt=\"\" class=\"wp-image-6020\" srcset=\"https:\/\/kivennapaseura.fi\/wp-content\/uploads\/2024\/03\/Sydamen-argeologia_kohtaus.jpg 480w, https:\/\/kivennapaseura.fi\/wp-content\/uploads\/2024\/03\/Sydamen-argeologia_kohtaus-300x225.jpg 300w\" sizes=\"(max-width: 480px) 100vw, 480px\" \/><\/a><figcaption><em>Kohtaus <span style=\"caret-color: rgb(0, 0, 0); color: rgb(0, 0, 0); white-space: normal;\">Syd\u00e4men arkeologia<\/span>&nbsp;-d<span style=\"white-space: normal; caret-color: rgb(0, 0, 0); color: rgb(0, 0, 0);\">okumenttielokuva<\/span>sta. Kuva:  Veijo Ruotanen<\/em>.<\/figcaption><\/figure>\n\n\n\n<h2>Esityksest\u00e4 kirjoitettua<\/h2>\n\n\n\n<p>Dokumenttielokuvan ensi-ilta oli Helsingin Karjalatalolla Kivennapa-S\u00e4\u00e4ti\u00f6n juhlaseminaarissa 8.10.2023. Dokumenttielokuvaa on esitetty my\u00f6s Kino Iiriksess\u00e4 Lahdessa lokakuussa 2023. Dokumenttielokuvasta on julkaistu useita artikkeleita mm.<\/p>\n\n\n\n<ul><li><a href=\"https:\/\/kivennapaseura.fi\/?p=6053\">Syd\u00e4men arkeologia Entiset Kivennapalaiset -yhdistyksen pikkujoulussa<\/a> (Kivennapaseuran sivut, 17.12.2023)<\/li><li><a href=\"https:\/\/kivennapaseura.fi\/?p=5893\">Syd\u00e4men arkeologia dokumenttielokuva vapaasti katsottavissa<\/a> (Kivennapaseuran sivut, 29.10.2023)<\/li><li><a href=\"https:\/\/kivennapaseura.fi\/?p=5871\">Kivennapa-S\u00e4\u00e4ti\u00f6 juhli 70-vuotista toimintaansa 8.10. Karjalatalossa<\/a> (Kivennapaseuran sivut, 15.10.2023)<\/li><li><a href=\"https:\/\/www.kivennapasaatio.net\/sydaumlmen-arkeologia---kyll-myouml-selvitaumlaumln.html\">Dokumenttielokuva-sivu Kivennapa-S\u00e4\u00e4tion kotisivuilla<\/a> (Kivennapa-S\u00e4\u00e4ti\u00f6)<\/li><li><a href=\"https:\/\/www.ess.fi\/paikalliset\/6256973\">Evakot jaksoivat satojen kilometrien jalkapatikan, nykynuoret eiv\u00e4t edes bussista my\u00f6h\u00e4stymist\u00e4 \u2013\u2009Lahdessa tehtiin elokuva karjalaisuudesta ja nuorten arjesta<\/a> (Etel\u00e4-Suomen sanomat, 4.10.2023) <\/li><li><a href=\"https:\/\/kivennapaseura.fi\/?p=5724\">Kivennapa-S\u00e4\u00e4ti\u00f6n 70-vuotisjuhlaseminaari 8.10.2023 Karjalatalolla<\/a> (Kivennapaseuran sivut, 30.5.2023)<\/li><li><a href=\"https:\/\/kivennapaseura.fi\/?p=5674\">Opiskelijateatteri\u00a0Theatrum\u00a0Olgalla\u00a0projektina Kivennapa<\/a> (Kivennapaseuran sivut, 14.4.2023)<\/li><\/ul>\n\n\n\n<h2>Katso elokuva YouTubesta<\/h2>\n\n\n\n<p>Syd\u00e4men arkeologia dokumenttielokuva ohjaajan esipuheella on julkaistu kaikkien vapaasti katsottavaksi. L\u00f6yd\u00e4t sen YouTubesta.&nbsp;<\/p>\n\n\n\n<ul><li><a href=\"https:\/\/www.youtube.com\/watch?v=tEayKnMmL2A\">Dokumenttielokuva YouTubessa<\/a><\/li><\/ul>\n\n\n\n<h2>Tilaa dokumenttielokuvan teatteriversio<\/h2>\n\n\n\n<p>Haluatko tilata elokuvasta elokuvateatterissa esitett\u00e4v\u00e4n version? Se onnistuu ottamalla yhteytt\u00e4 MoodFilmisin verkkosivuilta l\u00f6ytyv\u00e4ll\u00e4  tilauslomakkeella. Elokuvaversiota voi toistaa vain elokuvateatterissa, joten se toimitetaan vain elokuvateatterin k\u00e4ytt\u00f6\u00f6n.<\/p>\n\n\n\n<ul><li><a href=\"https:\/\/www.moodfilms.com\/elokuva\/\">Tilaussivu, josta l\u00f6ytyy my\u00f6s lis\u00e4tietoa dokumenttielokuvasta<\/a><\/li><\/ul>\n\n\n\n<h2>Dokumenttielokuvan tekij\u00e4tiedot<\/h2>\n\n\n\n<p>Theatrum Olgan ja Kivennapa-S\u00e4\u00e4ti\u00f6n <span style=\"caret-color: rgb(0, 0, 0); color: rgb(0, 0, 0); white-space: normal;\">Syd\u00e4men arkeologia<\/span>&nbsp;-d<span style=\"white-space: normal; caret-color: rgb(0, 0, 0); color: rgb(0, 0, 0);\">okumenttielokuva<\/span>n tekiv\u00e4t katsottavaksesi:<\/p>\n\n\n\n<ul><li>Ohjaaja ja k\u00e4sikirjoitus: Lasse Kantola<\/li><li>Kuvaus, editointi ja musiikin s\u00e4velt\u00e4j\u00e4: Veijo Ruotanen<\/li><li>Nuoret: Santtu Szepaniak, Milla Varso, Roni Savolainen, Asta Virtanen, Antti Pylsy, Iida Krouvi, Pihla Karhu, Sissi M\u00e4kel\u00e4&nbsp;<\/li><li>Musiikki: S\u00e4vellys Veijo Ruotanen<\/li><li>Hiekka-animaatiot: Amadeu Vives<\/li><li>Kantele: Mirva Minkkinen&nbsp;<\/li><li>\u00c4\u00e4nitys: Stefan Anders\u00e9n<\/li><li>Dokumentin rahoittaja: Kivennapa-S\u00e4\u00e4ti\u00f6<\/li><li>Tuotanto: Suomen Diakoniaopiston Theatrum Olga ja Kivennapa-S\u00e4\u00e4ti\u00f6, 2023<\/li><\/ul>\n\n\n\n<p><em><em>&#8221;Theatrum Olga ja Kivennapa-S\u00e4\u00e4ti\u00f6 ovat yhdess\u00e4 luoneet tarinan, joka jatkaa eloaan syd\u00e4miss\u00e4mme ja muistuttavat meit\u00e4 siit\u00e4, ett\u00e4 menneisyyden rikkaus voi olla nykyhetken voimavara ja tulevaisuuden innoitus.&#8221;<\/em><\/em> <\/p>\n\n\n\n<p><br><\/p>\n","protected":false},"excerpt":{"rendered":"<p>Kivennapa-S\u00e4\u00e4ti\u00f6 ja Suomen Diakoniaopiston Lahden kampuksen Theatrum Olga tekiv\u00e4t yhteisty\u00f6t\u00e4 vuonna 2023. Yhteisty\u00f6n tavoitteena oli syventy\u00e4 juurien, kivennapalaisuuden ja historian tutkimiseen. Opistelijat osallistuivat karjalaisten kokoontumisiin ja tapahtumiin sek\u00e4 kohtasivat kivennapalaisia ja heid\u00e4n j\u00e4lkipolviaan. Opiskelijat hakivat tietoa my\u00f6s kirjoitetusta l\u00e4hteist\u00e4 ja valokuvista. T\u00e4lle sivulle on koottu tietoa yhteisty\u00f6n tuloksena syntyneest\u00e4 Syd\u00e4men arkeologia&nbsp;-dokumenttielokuvasta. Esityksest\u00e4 kirjoitettua Dokumenttielokuvan ensi-ilta &hellip;<\/p>\n<p class=\"read-more\"> <a class=\"\" href=\"https:\/\/kivennapaseura.fi\/?page_id=6019\"> <span class=\"screen-reader-text\">Syd\u00e4men arkeologia\u00a0-dokumenttielokuva<\/span> Lue lis\u00e4\u00e4 &raquo;<\/a><\/p>\n","protected":false},"author":7,"featured_media":0,"parent":0,"menu_order":0,"comment_status":"closed","ping_status":"closed","template":"","meta":{"site-sidebar-layout":"default","site-content-layout":"default","ast-global-header-display":"","ast-main-header-display":"","ast-hfb-above-header-display":"","ast-hfb-below-header-display":"","ast-hfb-mobile-header-display":"","site-post-title":"","ast-breadcrumbs-content":"","ast-featured-img":"","footer-sml-layout":"","theme-transparent-header-meta":"","adv-header-id-meta":"","stick-header-meta":"","header-above-stick-meta":"","header-main-stick-meta":"","header-below-stick-meta":""},"yoast_head":"<!-- This site is optimized with the Yoast SEO plugin v18.8 - https:\/\/yoast.com\/wordpress\/plugins\/seo\/ -->\n<title>Syd\u00e4men arkeologia\u00a0-dokumenttielokuva - Kivennapaseura<\/title>\n<meta name=\"description\" content=\"Katso Theatrum Olgan ja Kivennapa-S\u00e4\u00e4ti\u00f6n yhteisty\u00f6n\u00e4 syntynyt Syd\u00e4men arkeologia\u00a0-dokumenttielokuva ja lue tietoja siit\u00e4.\" \/>\n<meta name=\"robots\" content=\"index, follow, max-snippet:-1, max-image-preview:large, max-video-preview:-1\" \/>\n<link rel=\"canonical\" href=\"https:\/\/kivennapaseura.fi\/?page_id=6019\" \/>\n<meta property=\"og:locale\" content=\"fi_FI\" \/>\n<meta property=\"og:type\" content=\"article\" \/>\n<meta property=\"og:title\" content=\"Syd\u00e4men arkeologia\u00a0-dokumenttielokuva - Kivennapaseura\" \/>\n<meta property=\"og:description\" content=\"Katso Theatrum Olgan ja Kivennapa-S\u00e4\u00e4ti\u00f6n yhteisty\u00f6n\u00e4 syntynyt Syd\u00e4men arkeologia\u00a0-dokumenttielokuva ja lue tietoja siit\u00e4.\" \/>\n<meta property=\"og:url\" content=\"https:\/\/kivennapaseura.fi\/?page_id=6019\" \/>\n<meta property=\"og:site_name\" content=\"Kivennapaseura\" \/>\n<meta property=\"article:modified_time\" content=\"2024-03-17T09:06:54+00:00\" \/>\n<meta property=\"og:image\" content=\"http:\/\/kivennapaseura.fi\/wp-content\/uploads\/2024\/03\/Sydamen-argeologia_kohtaus.jpg\" \/>\n\t<meta property=\"og:image:width\" content=\"480\" \/>\n\t<meta property=\"og:image:height\" content=\"360\" \/>\n\t<meta property=\"og:image:type\" content=\"image\/jpeg\" \/>\n<meta name=\"twitter:card\" content=\"summary_large_image\" \/>\n<meta name=\"twitter:image\" content=\"https:\/\/kivennapaseura.fi\/wp-content\/uploads\/2024\/03\/Sydamen-argeologia_kohtaus.jpg\" \/>\n<meta name=\"twitter:label1\" content=\"Arvioitu lukuaika\" \/>\n\t<meta name=\"twitter:data1\" content=\"3 minuuttia\" \/>\n<script type=\"application\/ld+json\" class=\"yoast-schema-graph\">{\"@context\":\"https:\/\/schema.org\",\"@graph\":[{\"@type\":\"WebSite\",\"@id\":\"https:\/\/kivennapaseura.fi\/#website\",\"url\":\"https:\/\/kivennapaseura.fi\/\",\"name\":\"Kivennapaseura\",\"description\":\"Kivennapaseuran kotisivut\",\"potentialAction\":[{\"@type\":\"SearchAction\",\"target\":{\"@type\":\"EntryPoint\",\"urlTemplate\":\"https:\/\/kivennapaseura.fi\/?s={search_term_string}\"},\"query-input\":\"required name=search_term_string\"}],\"inLanguage\":\"fi\"},{\"@type\":\"ImageObject\",\"inLanguage\":\"fi\",\"@id\":\"https:\/\/kivennapaseura.fi\/?page_id=6019#primaryimage\",\"url\":\"https:\/\/kivennapaseura.fi\/wp-content\/uploads\/2024\/03\/Sydamen-argeologia_kohtaus.jpg\",\"contentUrl\":\"https:\/\/kivennapaseura.fi\/wp-content\/uploads\/2024\/03\/Sydamen-argeologia_kohtaus.jpg\",\"width\":480,\"height\":360},{\"@type\":\"WebPage\",\"@id\":\"https:\/\/kivennapaseura.fi\/?page_id=6019#webpage\",\"url\":\"https:\/\/kivennapaseura.fi\/?page_id=6019\",\"name\":\"Syd\u00e4men arkeologia\u00a0-dokumenttielokuva - Kivennapaseura\",\"isPartOf\":{\"@id\":\"https:\/\/kivennapaseura.fi\/#website\"},\"primaryImageOfPage\":{\"@id\":\"https:\/\/kivennapaseura.fi\/?page_id=6019#primaryimage\"},\"datePublished\":\"2024-03-02T11:39:11+00:00\",\"dateModified\":\"2024-03-17T09:06:54+00:00\",\"description\":\"Katso Theatrum Olgan ja Kivennapa-S\u00e4\u00e4ti\u00f6n yhteisty\u00f6n\u00e4 syntynyt Syd\u00e4men arkeologia\u00a0-dokumenttielokuva ja lue tietoja siit\u00e4.\",\"breadcrumb\":{\"@id\":\"https:\/\/kivennapaseura.fi\/?page_id=6019#breadcrumb\"},\"inLanguage\":\"fi\",\"potentialAction\":[{\"@type\":\"ReadAction\",\"target\":[\"https:\/\/kivennapaseura.fi\/?page_id=6019\"]}]},{\"@type\":\"BreadcrumbList\",\"@id\":\"https:\/\/kivennapaseura.fi\/?page_id=6019#breadcrumb\",\"itemListElement\":[{\"@type\":\"ListItem\",\"position\":1,\"name\":\"Etusivu\",\"item\":\"https:\/\/kivennapaseura.fi\/\"},{\"@type\":\"ListItem\",\"position\":2,\"name\":\"Syd\u00e4men arkeologia\u00a0-dokumenttielokuva\"}]}]}<\/script>\n<!-- \/ Yoast SEO plugin. -->","yoast_head_json":{"title":"Syd\u00e4men arkeologia\u00a0-dokumenttielokuva - Kivennapaseura","description":"Katso Theatrum Olgan ja Kivennapa-S\u00e4\u00e4ti\u00f6n yhteisty\u00f6n\u00e4 syntynyt Syd\u00e4men arkeologia\u00a0-dokumenttielokuva ja lue tietoja siit\u00e4.","robots":{"index":"index","follow":"follow","max-snippet":"max-snippet:-1","max-image-preview":"max-image-preview:large","max-video-preview":"max-video-preview:-1"},"canonical":"https:\/\/kivennapaseura.fi\/?page_id=6019","og_locale":"fi_FI","og_type":"article","og_title":"Syd\u00e4men arkeologia\u00a0-dokumenttielokuva - Kivennapaseura","og_description":"Katso Theatrum Olgan ja Kivennapa-S\u00e4\u00e4ti\u00f6n yhteisty\u00f6n\u00e4 syntynyt Syd\u00e4men arkeologia\u00a0-dokumenttielokuva ja lue tietoja siit\u00e4.","og_url":"https:\/\/kivennapaseura.fi\/?page_id=6019","og_site_name":"Kivennapaseura","article_modified_time":"2024-03-17T09:06:54+00:00","og_image":[{"width":480,"height":360,"url":"http:\/\/kivennapaseura.fi\/wp-content\/uploads\/2024\/03\/Sydamen-argeologia_kohtaus.jpg","type":"image\/jpeg"}],"twitter_card":"summary_large_image","twitter_image":"https:\/\/kivennapaseura.fi\/wp-content\/uploads\/2024\/03\/Sydamen-argeologia_kohtaus.jpg","twitter_misc":{"Arvioitu lukuaika":"3 minuuttia"},"schema":{"@context":"https:\/\/schema.org","@graph":[{"@type":"WebSite","@id":"https:\/\/kivennapaseura.fi\/#website","url":"https:\/\/kivennapaseura.fi\/","name":"Kivennapaseura","description":"Kivennapaseuran kotisivut","potentialAction":[{"@type":"SearchAction","target":{"@type":"EntryPoint","urlTemplate":"https:\/\/kivennapaseura.fi\/?s={search_term_string}"},"query-input":"required name=search_term_string"}],"inLanguage":"fi"},{"@type":"ImageObject","inLanguage":"fi","@id":"https:\/\/kivennapaseura.fi\/?page_id=6019#primaryimage","url":"https:\/\/kivennapaseura.fi\/wp-content\/uploads\/2024\/03\/Sydamen-argeologia_kohtaus.jpg","contentUrl":"https:\/\/kivennapaseura.fi\/wp-content\/uploads\/2024\/03\/Sydamen-argeologia_kohtaus.jpg","width":480,"height":360},{"@type":"WebPage","@id":"https:\/\/kivennapaseura.fi\/?page_id=6019#webpage","url":"https:\/\/kivennapaseura.fi\/?page_id=6019","name":"Syd\u00e4men arkeologia\u00a0-dokumenttielokuva - Kivennapaseura","isPartOf":{"@id":"https:\/\/kivennapaseura.fi\/#website"},"primaryImageOfPage":{"@id":"https:\/\/kivennapaseura.fi\/?page_id=6019#primaryimage"},"datePublished":"2024-03-02T11:39:11+00:00","dateModified":"2024-03-17T09:06:54+00:00","description":"Katso Theatrum Olgan ja Kivennapa-S\u00e4\u00e4ti\u00f6n yhteisty\u00f6n\u00e4 syntynyt Syd\u00e4men arkeologia\u00a0-dokumenttielokuva ja lue tietoja siit\u00e4.","breadcrumb":{"@id":"https:\/\/kivennapaseura.fi\/?page_id=6019#breadcrumb"},"inLanguage":"fi","potentialAction":[{"@type":"ReadAction","target":["https:\/\/kivennapaseura.fi\/?page_id=6019"]}]},{"@type":"BreadcrumbList","@id":"https:\/\/kivennapaseura.fi\/?page_id=6019#breadcrumb","itemListElement":[{"@type":"ListItem","position":1,"name":"Etusivu","item":"https:\/\/kivennapaseura.fi\/"},{"@type":"ListItem","position":2,"name":"Syd\u00e4men arkeologia\u00a0-dokumenttielokuva"}]}]}},"_links":{"self":[{"href":"https:\/\/kivennapaseura.fi\/index.php?rest_route=\/wp\/v2\/pages\/6019"}],"collection":[{"href":"https:\/\/kivennapaseura.fi\/index.php?rest_route=\/wp\/v2\/pages"}],"about":[{"href":"https:\/\/kivennapaseura.fi\/index.php?rest_route=\/wp\/v2\/types\/page"}],"author":[{"embeddable":true,"href":"https:\/\/kivennapaseura.fi\/index.php?rest_route=\/wp\/v2\/users\/7"}],"replies":[{"embeddable":true,"href":"https:\/\/kivennapaseura.fi\/index.php?rest_route=%2Fwp%2Fv2%2Fcomments&post=6019"}],"version-history":[{"count":8,"href":"https:\/\/kivennapaseura.fi\/index.php?rest_route=\/wp\/v2\/pages\/6019\/revisions"}],"predecessor-version":[{"id":6060,"href":"https:\/\/kivennapaseura.fi\/index.php?rest_route=\/wp\/v2\/pages\/6019\/revisions\/6060"}],"wp:attachment":[{"href":"https:\/\/kivennapaseura.fi\/index.php?rest_route=%2Fwp%2Fv2%2Fmedia&parent=6019"}],"curies":[{"name":"wp","href":"https:\/\/api.w.org\/{rel}","templated":true}]}}